
33
Calculate the highest common divisor of 124 and 4313836.
124
What is the greatest common divisor of 1656 and 1332?
36
What is the greatest common factor of 72 and 264933?
9
What is the greatest common divisor of 5 and 1823?
1
What is the highest common factor of 28 and 28147?
7
What is the highest common factor of 80431 and 269?
269
What is the greatest common factor of 175 and 1875900?
25
Calculate the highest common factor of 16470 and 81.
27
Calculate the greatest common factor of 864 and 4374.
54
What is the greatest common divisor of 4287671 and 37?
37
Calculate the highest common factor of 76677 and 549.
183
Calculate the greatest common factor of 45618 and 12.
6
What is the greatest common divisor of 90 and 317862?
18
Calculate the highest common factor of 4 and 262204.
4
What is the highest common factor of 341 and 378829?
11
What is the greatest common factor of 260190 and 2835?
315
Calculate the highest common factor of 165018 and 42.
42
Calculate the greatest common divisor of 3484 and 13132.
268
Calculate the greatest common factor of 56 and 43484.
28
Calculate the greatest common divisor of 3294 and 54.
54
Calculate the highest common factor of 490 and 5790.
10
What is the highest common factor of 92 and 7419616?
92
What is the greatest common divisor of 3422 and 472?
118
Calculate the highest common divisor of 4 and 50608.
4
What is the greatest common divisor of 910 and 13090?
70
What is the greatest common factor of 512190 and 630?
630
Calculate the highest common divisor of 42910 and 840.
70
What is the greatest common factor of 18518 and 53978?
394
Calculate the highest common factor of 9024 and 2685768.
1128
Calculate the highest common factor of 4017 and 267423.
39
Calculate the highest common divisor of 114301 and 209.
11
Calculate the highest common divisor of 9088 and 768.
128
What is the highest common divisor of 111336 and 52?
4
What is the greatest common factor of 171611 and 11?
11
Calculate the greatest common factor of 3757 and 36920.
13
What is the greatest common factor of 39 and 87997?
13
What is the highest common divisor of 36481 and 191?
191
What is the greatest common factor of 2152301 and 19?
19
What is the highest common factor of 748 and 31196?
44
Calculate the highest common factor of 2385 and 1755.
45
Calculate the greatest common divisor of 23 and 129973.
23
Calculate the highest common divisor of 4731 and 14364.
57
Calculate the highest common divisor of 68 and 9095.
17
What is the highest common divisor of 189 and 29904?
21
Calculate the greatest common factor of 88610 and 10.
10
Calculate the highest common divisor of 57611 and 1802.
53
What is the greatest common factor of 40946 and 2360?
118
What is the greatest common divisor of 7915 and 25?
5
What is the greatest common factor of 2418558 and 744?
186
What is the greatest common factor of 5652 and 198?
18
Calculate the highest common factor of 18 and 2064078.
18
Calculate the highest common factor of 346 and 199296.
346
What is the highest common factor of 23296 and 2275?
91
What is the greatest common divisor of 203854 and 21?
7
What is the highest common factor of 124869 and 321?
321
Calculate the highest common factor of 154 and 38423.
77
What is the greatest common divisor of 409 and 3316990?
409
What is the greatest common divisor of 268522 and 248?
62
What is the greatest common factor of 702923 and 26?
13
Calculate the greatest common divisor of 16 and 354128.
16
What is the highest common factor of 2774 and 9490?
146
What is the highest common divisor of 454 and 64?
2
What is the greatest common factor of 363 and 349085?
121
Calculate the greatest common factor of 522 and 6498.
18
Calculate the highest common factor of 207844 and 273.
91
Calculate the greatest common divisor of 19456 and 323.
19
What is the greatest common factor of 20564 and 1940?
388
What is the highest common factor of 343780 and 60?
20
What is the highest common divisor of 148321 and 664?
83
What is the greatest common divisor of 46876 and 8?
4
What is the highest common divisor of 191436 and 252?
84
What is the greatest common divisor of 100 and 211900?
100
What is the highest common factor of 60220 and 10?
10
What is the greatest common divisor of 674 and 6?
2
Calculate the greatest common factor of 3351786 and 606.
606
What is the highest common factor of 180 and 508?
4
What is the highest common divisor of 8448 and 21296?
176
What is the greatest common factor of 60 and 266840?
20
Calculate the greatest common divisor of 26143 and 143.
13
What is the highest common divisor of 196547 and 169?
169
Calculate the greatest common factor of 60606 and 69153.
777
What is the highest common divisor of 145 and 4570400?
145
What is the highest common factor of 547129 and 55?
11
What is the greatest common divisor of 53 and 3127?
53
Calculate the highest common divisor of 164 and 88.
4
What is the greatest common factor of 298984 and 399?
133
Calculate the greatest common divisor of 30 and 1325825.
5
Calculate the highest common divisor of 395 and 507812.
79
Calculate the highest common factor of 1232 and 80.
16
Calculate the highest common factor of 2818127 and 13.
13
Calculate the greatest common factor of 18684 and 864.
108
What is the greatest common factor of 1032 and 29364?
12
What is the greatest common factor of 185 and 7955?
185
What is the highest common divisor of 27600 and 582?
6
Calculate the highest common factor of 1072182 and 78.
6
What is the greatest common factor of 3219496 and 16?
8
Calculate the highest common divisor of 429 and 4818.
33
Calculate the greatest common factor of 86 and 989.
43
Calculate the greatest common divisor of 40 and 30536.
8
What is the greatest common factor of 748 and 12158?
2
Calculate the greatest common divisor of 3972 and 8796.
12
Calculate the highest common factor of 138975 and 327.
327
Calculate the greatest common divisor of 29204 and 1960.
196
What is the highest common divisor of 4464 and 16244?
124
Calculate the greatest common divisor of 18889 and 325.
13
Calculate the highest common divisor of 29692 and 624.
52
What is the greatest common divisor of 259940 and 30?
10
What is the highest common factor of 399 and 26163?
57
Calculate the greatest common divisor of 34 and 908854.
34
Calculate the highest common factor of 1423771 and 188.
47
What is the highest common divisor of 130 and 404365?
65
What is the greatest common factor of 155 and 262570?
155
What is the greatest common divisor of 315800 and 200?
200
Calculate the highest common factor of 5549112 and 10415.
2083
Calculate the greatest common factor of 12035 and 58.
29
What is the highest common divisor of 395 and 44714?
79
What is the highest common factor of 54 and 17622?
18
Calculate the greatest common factor of 11234 and 14933.
137
What is the highest common divisor of 379746 and 102?
102
Calculate the highest common factor of 9084 and 804.
12
What is the greatest common divisor of 177984 and 206?
206
What is the greatest common factor of 109263 and 2940?
21
What is the highest common factor of 90 and 204780?
30
What is the highest common factor of 188 and 25709?
47
Calculate the greatest common divisor of 2660 and 28980.
140
Calculate the highest common divisor of 35905 and 145290.
835
What is the highest common factor of 4351 and 247?
19
Calculate the highest common divisor of 30304 and 128.
32
What is the greatest common divisor of 57585 and 1342?
11
What is the greatest common factor of 380 and 45068?
76
What is the greatest common factor of 30 and 15945?
15
What is the greatest common divisor of 964 and 6524834?
482
What is the greatest common factor of 8430 and 660?
30
What is the greatest common divisor of 55 and 14476?
11
What is the highest common divisor of 10034 and 17473?
173
What is the greatest common divisor of 455652 and 54?
54
What is the highest common divisor of 721633 and 681?
227
Calculate the highest common divisor of 11644 and 110372.
164
Calculate the highest common factor of 384793 and 5999.
857
Calculate the highest common divisor of 794 and 2821479.
397
Calculate the highest common divisor of 2 and 69876.
2
What is the greatest common divisor of 79357 and 1?
1
Calculate the greatest common factor of 18734 and 464.
58
Calc